q = 3911 + -3813. Suppose -s + 1641 = -0*s. Suppose -q = -o + s. Is o composite?
True
Suppose 2636 = 3*n - 5*r, 0 = 4*n - n - 2*r - 2633. Let d = n + 2050. Is d prime?
True
Let j = 35 + 464. Let f = j - 2133. Is f/(-4) - 39/26 a composite number?
True
Is (448179*-1)/(-12 - (-8 - 1)) composite?
False
Let s be (102/8)/(3/8). Suppose -s*o = -30*o. Suppose 5*b + o*d = 4*d + 2507, -2*b + 3*d + 1007 = 0. Is b composite?
False
Suppose 44*j - 37*j - 14 = 0. Suppose -10*q + 58934 = j*h - 12*q, q - 29475 = -h. Is h a prime number?
False
Let r = -84289 + 149720. Is r a composite number?
True
Let x = 8167 - 5771. Suppose -f + x = -5*j, 19*j - 9 = 16*j. Is f prime?
True
Suppose -2*q - 45256 = -5*q - 2*x, 0 = -5*q + 5*x + 75435. Suppose -5*u - 3*n + q = 0, 3*n = -3*u + 6*n + 9066. Is u a composite number?
False
Suppose 41*f - 42*f + 3*z = -7672, -f = 4*z - 7658. Is f prime?
False
Suppose -2*v - 3 + 1 = 0, -3*v + 1612 = 5*d. Let b = 3999 + d. Is b composite?
True
Let g = 1140551 - 707764. Is g prime?
False
Suppose -2*o + 4*d = -36, 5*o - 95 = 3*d + 2*d. Suppose -v - t + 408 + 871 = 0, 0 = 4*t + o. Suppose 5*x - 671 = v. Is x prime?
False
Suppose 972 - 952 = 4*t. Suppose -z - t*w + 1188 = 0, -8*z - 2*w + 4662 = -4*z. Is z composite?
False
Suppose 0 = j + 3*j. Let t = -53 + 58. Suppose 2*x = -t*m + 7791, -2*x = -j*m + m - 1555. Is m a prime number?
True
Let d be (-3 + -2 - 0)*-1. Let n(p) be the third derivative of p**6/20 - p**5/30 + p**4/2 - 3*p**3/2 + p**2. Is n(d) a composite number?
False
Is (-971156)/((-16)/4)*((10 - 13) + 4) composite?
False
Let a(t) = -1463*t + 64. Let b(x) = 731*x - 32. Let g(v) = -6*a(v) - 11*b(v). Is g(3) prime?
True
Let g be 3/15 - 1122/(-15). Suppose 3*l + g = 2796. Is l prime?
True
Let u(i) = 4*i**2 + 11*i - 7. Let n(y) = -y**2 - y + 8. Let q be n(-6). Let g be u(q). Let p = 4190 - g. Is p prime?
True
Suppose 2*h = -3*b + 5, -25 = -2*b - 2*h - 23. Suppose b*z = 20*z - 24497. Is z prime?
False
Let q = 28 - 34. Is ((-2636)/q)/((-58)/(-609)) a composite number?
True
Let t(q) = -17*q**2 + 43*q + 1. Let n(r) = 48*r**2 - 128*r - 2. Let m(f) = 6*n(f) + 17*t(f). Is m(-31) a prime number?
True
Suppose -4*n - p = -1500164, p + 6*p = 0. Is n prime?
False
Suppose 740855 + 94021 = 12*m. Is m/(-28)*(-4 + 0) a prime number?
False
Let z = -1771 - -5708. Let f = z - 2346. Is f prime?
False
Let q(g) = 6*g + 6. Let w(j) = -17*j - 17. Let s(f) = 11*q(f) + 4*w(f). Let c be s(-1). Suppose -4*p + 3479 + 3173 = c. Is p prime?
True
Let z be (-8)/(-2)*(3 - 13808 - 4). Let r = z + 104083. Is r composite?
False
Suppose 128582201 = 103*k + 60*k - 8556708. Is k prime?
False
Suppose 5*b - 2*r = 28505 + 46196, 5*b + 4*r - 74713 = 0. Is b a composite number?
True
Suppose -12*u - 6 = -9*u. Let p be 3/u*((-100)/6)/5. Suppose 0 = -p*h - 5*n + 7830, -5*h + 7979 = 2*n + 140. Is h prime?
False
Is (-76)/(-304)*4*122011 a composite number?
False
Let w(b) = 4*b**2 - 5. Let p be w(3). Let n(y) = -p - 8 + 14 + 28*y. Is n(13) a composite number?
True
Suppose 0 = -236*f - 9850580 + 27045304. Is f prime?
True
Suppose 2*v - 3*i - 314107 = 0, 3*v + 2*i - 134640 - 336540 = 0. Suppose -v = -11*s + 276485. Is s a composite number?
True
Let r = 38259 - 22318. Is r prime?
False
Suppose 2094 = g - 5*b, -g + 4*b + 2857 - 758 = 0. Suppose 8 = -2*z, t = 4*z + z + 20. Suppose -2*c = -a - 4202, -5*a = -c - t*a + g. Is c a composite number?
False
Let u be -5*1 + (-4161)/6*-2. Let b = u + 1301. Is b a composite number?
False
Let t = 2855 - 6783. Is (0 + t + (0 - 1))*-3 a prime number?
False
Let w = 29 + 79. Is 5/30 - 6/(w/(-122703)) a composite number?
True
Suppose 0 = -2*g + 12713 + 1137. Let t = g + -4514. Is t composite?
False
Let i(z) = -14399*z - 1326. Is i(-23) a prime number?
False
Let i(m) = -48*m - 282. Let p be i(-6). Suppose -5*u - 50 = -5. Is (u + p)*(-362)/6 a prime number?
True
Suppose 624954 + 215102 = 56*a. Is a a prime number?
False
Let z(o) = 7*o**3 - 86*o**2 + 23*o + 3. Let l be z(12). Is (-96)/432 - 89795/l a composite number?
True
Suppose -15*r = -13*r + 3*b - 43, 0 = 5*r + 3*b - 85. Suppose r*g = 29*g - 765. Is g composite?
True
Let a(p) = -p**2 - 12*p - 19. Let j be a(-10). Let f be (1 - -1) + 1 - (j - 2). Suppose 4*r + r - 2*h - 2823 = 0, 5*r + f*h - 2829 = 0. Is r composite?
True
Let l(h) = 20 - 54 + 18 + 7 + 62*h**3 + 2*h. Is l(5) composite?
True
Let n = 1051881 + -640760. Is n a composite number?
True
Suppose -23*m - 6 = -24*m. Let l be (-117)/m*(-3)/((-18)/40). Let z = -35 - l. Is z composite?
True
Let s be 2/(-18) + 874/171. Is 5/(s/4046) + 6 + -3 prime?
True
Let u be (20/16)/(2/8). Suppose u*s + s - 12 = 0. Suppose -222 = -3*i - t + 3415, s*i + 4*t - 2438 = 0. Is i composite?
True
Suppose 61 = -b - 286. Let q = 652 + b. Is q prime?
False
Suppose 21 = 3*u + 2*p + 10, -4*u + 9 = -3*p. Suppose -u*f - 4*b + 27699 = 0, 4*f + b = 2*b + 36913. Is f composite?
True
Let b be 1*(0 - 1) + 6. Suppose 310 = -b*r + 1245. Is r a composite number?
True
Let r be (-3)/((-21)/(-35)) + 9732. Suppose -a - 5*b + r = 0, 3*b = -7*a + 2*a + 48613. Is a a composite number?
True
Suppose -29*m - 178533 + 62863 = -39*m. Is m composite?
True
Let a = -15 + 42. Suppose 14*l - a = 15. Suppose -l*o + 4*s + 4661 = 0, 3*o = -2*s + 2448 + 2237. Is o a prime number?
True
Let i(g) = g**3 + 165*g**2 - 106*g + 599. Is i(-165) composite?
False
Let n = 49046 - -19665. Is n a prime number?
True
Let t = 36 + -31. Suppose -t*p - 11763 + 115478 = 0. Is p prime?
True
Let y = -1434 - -1629. Let m be (-7)/(-3)*-1*-3. Suppose -y = -m*s + 274. Is s prime?
True
Let g = -10291 + 16473. Suppose 9273 = 3*x - 3*s, -g = -4*x + 2*x + 5*s. Is x prime?
False
Let u = -25311 + 38907. Let a = u + 3843. Is a prime?
False
Suppose 153*y - 10503561 - 8849862 - 20368284 = 0. Is y a composite number?
False
Suppose -2*y + 394 = 2*o, 3*o + 2*y - 592 = -2*y. Let z = 139 - o. Is 26162/8 + z/(-76) composite?
False
Let g be 4/(48/1062)*6. Let m = -112 + g. Is m a prime number?
True
Let z be 24/11 - (-4)/(-22). Suppose q = -4*f + 713, -2*f + 3*f = 4. Suppose 0 = z*t + q - 2475. Is t composite?
True
Let b(t) be the second derivative of -t**4/4 - 7*t**3/3 + 5*t**2/2 - 7*t. Let l be b(-6). Is 112/4*l*(-1)/4 prime?
False
Let l(i) = i**3 - 9*i**2 + 13*i + 13. Let y be l(7). Let a(k) = k**3 + 3*k**2 - 4*k - 7. Is a(y) a prime number?
True
Let w = 39214 - -124717. Is w composite?
True
Let g(f) = 5*f - 31. Let z = 13 + -19. Let q be g(z). Let p = q - -92. Is p a composite number?
False
Suppose -1169145 = -y - 2*b, -1079*b - 1169096 = -y - 1074*b. Is y composite?
False
Suppose -15*c - 89807 = -3*m - 13*c, -4*m + 4*c + 119732 = 0. Is m prime?
False
Suppose -4515 = -3*i + 2*z, 3*i + 6*z = 5*z + 4506. Suppose 8*f + i = 5*f. Let x = -208 - f. Is x composite?
False
Let v(k) = 49*k + 4. Let a(p) = -5 - 9*p + 9*p - 39*p - 11*p. Let l(c) = 3*a(c) + 2*v(c). Is l(-11) a composite number?
True
Let s(r) = -2*r**3 - 215*r**2 - 261*r + 211. Is s(-108) a prime number?
True
Let l be ((-102)/5)/(11 + (-988)/90) + 3. Suppose -3*b = -0*b - 6234. Let s = b + l. Is s prime?
True
Suppose -n - 6042 = -45932. Let o = 81 + n. Is o a prime number?
True
Let k(l) = -l - 1. Let f be k(-4). Let p(u) = 10767*u**2 + 28*u + 25. Let w be p(-1). Suppose w = -0*b + 3*b + f*h, 15 = -3*h. Is b prime?
True
Suppose 0 = -2*t - 0. Suppose 1235 = 3*v - r - t*r, 5*r + 1654 = 4*v. Suppose -5*b + 5*c + 1865 = 0, 1081 = 4*b - 5*c - v. Is b a composite number?
False
Suppose 63*y - 2478329 - 24556168 = 0. Is y composite?
False
Let u(q) = 254*q - 17 - 21*q + 308*q. Is u(6) a prime number?
True
Let k be ((-3)/(-15))/((-1)/(-5)). Let c(p) = 965*p + 5. Let v(n) = -965*n - 4. Let q(i) = -2*c(i) - 3*v(i). Is q(k) a prime number?
True
Let w = -14017 + 24627. Let b(r) = -r**2 - 6201. Let n be b(0). Let s = n + w. Is s composite?
False
Let k(j) = 769*j**2 + j - 19. Let s(x) = 3*x**2 - 19*x + 9. Let z be s(6). Is k(z) prime?
False
Is 1/(1*(-3)/9)*(-979451)/33 a prime number?
True
Suppose -1444870 = -68*l + 67926. Is l composite?
False
Is (-97400)/(-3) - (4/(-38) + 78/(-342)) a composite number?
False
Let g = 183 + -190. Is 392 + -3 + (g - -9) a prime number?
False
Suppose 3*h = -2*m + 227695 - 1155, -3*m - 2*h + 339795 = 0. Is m a prime number?
False
Suppose m + 0*m + 1 = r, 4*r - 40 = -5*m. Suppos